 9, s - 1 = -5*w. What is the units digit of s?
1
Let u(v) = 12*v - 3. Let a be u(-5). Let w = -34 - a. What is the tens digit of w?
2
Suppose -3*i + 6*i - 15 = 0. What is the units digit of i?
5
Let q = -2 + -2. Let t be 2/q*(23 - -3). What is the units digit of t/(-2) - 1/2?
6
Suppose 0*s = -3*s - 36. Let r = s - -19. What is the units digit of r/14 - 54/(-4)?
4
What is the tens digit of 1/2 + 174/4?
4
Suppose 0 = -w + 64 - 6. What is the tens digit of w?
5
What is the tens digit of 7/((-14)/136)*-1?
6
Let y(n) = -n + 48. Let v be (-1)/1 + 0 + 1. Let r be y(v). Suppose 0 = t - 5*t + r. What is the units digit of t?
2
What is the units digit of ((-76)/(-2) - -3) + -2?
9
Let v be 0*2/(-6) - 2. Let u = -14 + 9. Let a = v - u. What is the units digit of a?
3
Suppose -5*t + 20 + 35 = 0. What is the tens digit of t?
1
Let b be (16/(-10))/(14/(-35)). Let n(y) = y - 2. Let j be n(b). Suppose 3*s + 20 = 4*t + j*s, 0 = -4*s - 16. What is the units digit of t?
4
Let g = -103 - -166. What is the tens digit of g?
6
Suppose -a - 5*v + 5 = -20, -3*a = 3*v - 99. What is the units digit of a?
5
Let z be (3 - -1) + -7 + 4. What is the units digit of (z - -2)*(-2 - -5)?
9
Let s(n) = n**2 + 9*n. Let c be s(-9). Suppose c*t - 2*t - 4*k = -24, -k - 29 = -3*t. What is the tens digit of t?
1
Let y(j) = -3*j**2 + j - 36. Let f(m) = -4*m**2 + m - 37. Let x(l) = 2*f(l) - 3*y(l). Let u be x(0). Let z = u - 18. What is the tens digit of z?
1
Suppose -16 = -4*v - 48. Let g be (1 - 1) + 4/(-1). Let a = g - v. What is the units digit of a?
4
Let f be 10/(-5 + 3)*3. Let m = 5 - f. What is the units digit of m?
0
Let a be 0 + (1 - (2 - 4)). Let t be (3/6)/((-1)/(-24)). What is the units digit of t/(-8)*(-8)/a?
4
Let i(t) = -3*t + 19. What is the units digit of i(-10)?
9
Suppose 3*u + 7*z = 4*z + 12, 0 = 5*z - 10. Let a(r) = 4*r + 3. What is the units digit of a(u)?
1
Suppose 0 = -5*y - 20, -5*y = -3*t + 7*t - 240. What is the tens digit of t?
6
Let i be (-2)/((4/11)/2). Let p(z) = z**2 + 7*z + 8. Let y be p(-6). What is the units digit of -1 + -4 + y - i?
8
Let t = 13 + -8. Suppose -2*y + b = 4 + 6, 5*y - t = -5*b. What is the units digit of (y - (-30)/2) + -3?
9
Suppose 4*x - 12*x = -944. What is the units digit of x?
8
Suppose 0 = -0*a - a - 5*g + 76, -2*g - 272 = -5*a. What is the units digit of a?
6
Let g = -5 - 0. Let d be ((-6)/g)/(2/10). What is the tens digit of -8*d/(-4) - 2?
1
Let i(f) = f. Let z(x) = 21*x - 3. Let b(o) = -18*i(o) + z(o). Let r be b(2). Suppose -5*g - 2*q = -17, 7*q = 3*g + r*q - 5. What is the units digit of g?
3
Suppose -5*u = -0*u - 10. Let z be (-2)/2*u*-3. Let w(b) = 2*b - 5. What is the units digit of w(z)?
7
What is the tens digit of (-1)/(((-6)/3222)/(2/6))?
7
Let q be 2/9 + 32/18. Let z(w) be the second derivative of -w**5/20 + w**4/2 - w**3/2 + w**2/2 - 11*w. What is the tens digit of z(q)?
1
Suppose 0 = -46*y + 47*y - 69. What is the tens digit of y?
6
Let x(s) = s**3 + 6*s**2 + 5*s + 7. What is the units digit of x(-5)?
7
Suppose -s - 4*j + 132 = 0, -2*s - 2*s = 5*j - 539. What is the units digit of s?
6
Let x(v) = -v**2 + 4*v + 5. Let b be 0/(-2) - 15/(-3). Let l be x(b). Let r = l - -14. What is the units digit of r?
4
Let c(r) = 4*r**3 - 3*r**2 - 4. Let g(f) = -f**3 + f**2 + f + 1. Let s(q) = c(q) + 3*g(q). What is the tens digit of s(2)?
1
Let i be (-82)/(-4) + (-1)/2. Suppose -n - 5*x - 3 = -i, -n + 2*x = -3. Let z = 12 - n. What is the units digit of z?
5
Suppose 3*f = i + 247, -3*f + 3*i = -0*f - 237. Let q be (2/(-3))/((-2)/21). What is the units digit of ((-3)/(-2))/(q/f)?
8
Let u(x) = -9*x + 9. What is the units digit of u(-6)?
3
Let z(x) = 3*x + 14. What is the units digit of z(9)?
1
Suppose -4*x = 4, -2*r + 3 = 3*x - 18. What is the units digit of r?
2
Suppose 2*b - 3*n - 10 = -4*n, -5*n = -3*b + 15. Suppose 105 = b*o - 5*z, -2*o = 2*o + 4*z - 116. What is the units digit of o?
5
Let l = 27 - -19. What is the units digit of l?
6
Let b(r) = -r**2 + 2*r + 6. Let s be b(5). What is the units digit of 1 - s - (3 + -1)?
8
Let x(h) = h**2 - 6*h. Let y be x(6). Suppose 0*b - 4*b + 20 = y. Suppose -5*g + 10 = 0, 3*n - 2*g + b*g = 15. What is the units digit of n?
3
Let o(j) = 4*j + 1. What is the units digit of o(3)?
3
Let j be ((-2)/5)/(2/180). Let q = 24 + j. What is the units digit of (-32)/q + (-2)/(-6)?
3
Let r(u) = u**2 + 2*u**2 + 0*u**2 - u - 7 + u**3 + 7*u**2. Let f be r(-10). Let p = f + 2. What is the units digit of p?
5
Let y be -3*4/12*1. What is the tens digit of ((2 - 5) + -20)/y?
2
Suppose 8*h + 240 = 4*h. What is the tens digit of (-710)/h + 2/12?
1
Let y = 20 - 10. Let j(n) = n**3 - 11*n**2 - 7 + 4*n**2 + 3*n - y*n. What is the units digit of j(8)?
1
Let v(m) = -3*m**3 + 2*m**2 + 3*m + 1. Let o be v(-2). Suppose -o = 2*q - 3*q. What is the units digit of q?
7
Let d be (-6)/4 + 5/2. Let g(u) = 11*u**3 - u**2 + u - 1. What is the tens digit of g(d)?
1
Let d(n) = -n**3 - 5*n**2 - 5*n - 6. Let j be d(-4). Let p(b) = -b**2 - 7*b + 11. Let o be p(-10). Let f = j - o. What is the tens digit of f?
1
Let n(h) = 11*h**3 + 21*h**2 + 26. Let m(f) = -4*f**3 - 7*f**2 - 9. Let s(r) = 8*m(r) + 3*n(r). Let l be s(-6). Let b = l - 22. What is the tens digit of b?
2
Let v(l) be the first derivative of l**3/3 - 3*l**2/2 + 6*l + 3. What is the tens digit of v(5)?
1
Let s(r) = -26*r + 74. What is the units digit of s(-7)?
6
Let g = -24 + 6. Let o = g - -25. What is the units digit of o?
7
Suppose 0 = -4*k - b + 11, -6*k = -k + b - 14. What is the units digit of k?
3
Let m = -17 - -28. What is the units digit of m/1*(5 - 2)?
3
Suppose -5*b = -0*n - n, -3*b - 5*n - 28 = 0. Let w(k) = -6*k + 1. What is the units digit of w(b)?
7
Let g be (-96)/42 + (-4)/(-14). Let r be ((-6)/(-15))/(g/50). Let p = -6 - r. What is the units digit of p?
4
Suppose d + 2 = 2*z - 71, 4*z + 3*d = 121. What is the tens digit of z?
3
Let s be 9/(-6)*(1 + -7). Let t = s - 5. Suppose -5 = -v + 6*v, -2*h + 10 = t*v. What is the units digit of h?
7
Let a(p) = -p**3 + 7*p**2 + p - 9. Let j be a(7). Let w be (j + 1)/((-2)/(-12)). What is the units digit of w*(-1 + 2/(-4))?
9
Suppose -5*s - 153 - 232 = -4*p, -2*s = 4*p - 406. What is the units digit of p?
0
Suppose 0 = 2*t + k - 5*k, 3*t = -4*k + 50. What is the units digit of t?
0
Let r = 9 + 131. What is the units digit of r?
0
Suppose 2*b = -3*g + 10, 2*g + 0*g + 3*b = 15. Let j(y) be the second derivative of y**4/12 + y**3/6 + 21*y**2/2 + 3*y. What is the units digit of j(g)?
1
Suppose 770 = 9*c - 2*c. What is the hundreds digit of c?
1
Suppose 0 = -3*t + 18 + 66. Let y = t + -21. What is the units digit of y?
7
Let q(o) = o**2 + o - 3. Let v be q(3). Let h = v + -7. What is the units digit of h?
2
Let x(s) = -s**3 - 4*s**2 - s - 2. Let k be x(-4). Let v = 8 - k. What is the units digit of v?
6
Suppose 0 = -2*h + 5*h - 162. Suppose 4*y - h = -2*v, -v + 4*y + 5 = -4. What is the units digit of v?
1
What is the hundreds digit of 4 - 3*(-194)/6?
1
What is the units digit of (45 - 4) + -4 + -3?
4
Let l(a) = 3*a**2 - a + 1. Let x be l(2). Suppose -2*v + 1 + x = 0. What is the units digit of v?
6
Let w(b) = b**2 - 8*b + 3. Let h be w(8). Suppose -j = -2*j + y + h, -5*j - 3*y = -15. What is the units digit of j?
3
Suppose -3*n - 3*x = -0*n - 9, 0 = -2*n - 3*x + 5. Let t = n - 0. What is the units digit of t?
4
Let q = 109 - -2. What is the units digit of q?
1
Let x be 1248/15 + 1/(-5). Suppose 0 = 3*i - 20 + x. What is the tens digit of (-6)/(-4)*(-9 - i)?
1
Suppose 3*l + 40 - 82 = 0. What is the units digit of l?
4
Suppose -5*q - 19 = 2*w, 6 + 18 = 3*w - 3*q. Suppose p = 4*p + w, 0 = -o - 3*p. What is the units digit of o?
3
Suppose 5*s = -3 - 2. Let o = 3 + s. What is the units digit of o/(-3) + 188/12?
5
Let s(c) = -c**3 - c**2 - c + 1. Suppose 3*x = -0*x. What is the units digit of s(x)?
1
Let p be (8/12)/(2/(-6)). Let l = p + 5. What is the units digit of l?
3
Suppose 0 = -2*i - 6, 6 = -5*c + i - 3*i. Let o(j) = -j + 8. Let p be o(8). Suppose -2*m + 2 = p, c = -t - 2*m - 3*m + 6. What is the units digit of t?
1
Let z(k) = k**3 + 8*k**2 - 10*k. Suppose -2*d = -7*d + 3*l - 33, -d - 3*l - 21 = 0. Let t be z(d). Let s = t + -4. What is the units digit of s?
5
Let l be (-1)/((-1 + 4)/(-63)). Let i = l + 16. What is the 